{"id":896,"date":"2020-04-03T15:44:28","date_gmt":"2020-04-03T13:44:28","guid":{"rendered":"http:\/\/desmotspourtoutdire.com\/?page_id=896"},"modified":"2020-10-16T15:35:15","modified_gmt":"2020-10-16T13:35:15","slug":"temoignages","status":"publish","type":"page","link":"https:\/\/desmotspourtoutdire.com\/index.php\/temoignages\/","title":{"rendered":"T\u00e9moignages"},"content":{"rendered":"\t\t<div data-elementor-type=\"wp-page\" data-elementor-id=\"896\" class=\"elementor elementor-896\">\n\t\t\t\t\t\t<section class=\"elementor-section elementor-top-section elementor-element elementor-element-9ccb64d elementor-section-height-min-height elementor-section-boxed elementor-section-height-default elementor-section-items-middle\" data-id=\"9ccb64d\" data-element_type=\"section\" data-e-type=\"section\" data-settings=\"{&quot;background_background&quot;:&quot;classic&quot;}\">\n\t\t\t\t\t\t<div class=\"elementor-container elementor-column-gap-default\">\n\t\t\t\t\t<div class=\"elementor-column elementor-col-100 elementor-top-column elementor-element elementor-element-84d4e49\" data-id=\"84d4e49\" data-element_type=\"column\" data-e-type=\"column\">\n\t\t\t<div class=\"elementor-widget-wrap\">\n\t\t\t\t\t\t\t<\/div>\n\t\t<\/div>\n\t\t\t\t\t<\/div>\n\t\t<\/section>\n\t\t\t\t<section class=\"elementor-section elementor-top-section elementor-element elementor-element-d5f92ef elementor-section-boxed elementor-section-height-default elementor-section-height-default\" data-id=\"d5f92ef\" data-element_type=\"section\" data-e-type=\"section\">\n\t\t\t\t\t\t<div class=\"elementor-container elementor-column-gap-default\">\n\t\t\t\t\t<div class=\"elementor-column elementor-col-100 elementor-top-column elementor-element elementor-element-ac22bac\" data-id=\"ac22bac\" data-element_type=\"column\" data-e-type=\"column\">\n\t\t\t<div class=\"elementor-widget-wrap elementor-element-populated\">\n\t\t\t\t\t\t<div class=\"elementor-element elementor-element-cb68255 elementor-widget-divider--view-line_text elementor-widget-divider--element-align-center elementor-widget elementor-widget-divider\" data-id=\"cb68255\" data-element_type=\"widget\" data-e-type=\"widget\" data-widget_type=\"divider.default\">\n\t\t\t\t<div class=\"elementor-widget-container\">\n\t\t\t\t\t\t\t<div class=\"elementor-divider\">\n\t\t\t<span class=\"elementor-divider-separator\">\n\t\t\t\t\t\t\t<span class=\"elementor-divider__text elementor-divider__element\">\n\t\t\t\tT\u00e9moignages\t\t\t\t<\/span>\n\t\t\t\t\t\t<\/span>\n\t\t<\/div>\n\t\t\t\t\t\t<\/div>\n\t\t\t\t<\/div>\n\t\t\t\t\t<\/div>\n\t\t<\/div>\n\t\t\t\t\t<\/div>\n\t\t<\/section>\n\t\t\t\t<section class=\"elementor-section elementor-top-section elementor-element elementor-element-898bbd6 elementor-section-boxed elementor-section-height-default elementor-section-height-default\" data-id=\"898bbd6\" data-element_type=\"section\" data-e-type=\"section\">\n\t\t\t\t\t\t<div class=\"elementor-container elementor-column-gap-default\">\n\t\t\t\t\t<div class=\"elementor-column elementor-col-100 elementor-top-column elementor-element elementor-element-381146f\" data-id=\"381146f\" data-element_type=\"column\" data-e-type=\"column\">\n\t\t\t<div class=\"elementor-widget-wrap elementor-element-populated\">\n\t\t\t\t\t\t<div class=\"elementor-element elementor-element-dbf0448 elementor-widget elementor-widget-heading\" data-id=\"dbf0448\" data-element_type=\"widget\" data-e-type=\"widget\" data-widget_type=\"heading.default\">\n\t\t\t\t<div class=\"elementor-widget-container\">\n\t\t\t\t\t<h2 class=\"elementor-heading-title elementor-size-small\">18 septembre 2020<\/h2>\t\t\t\t<\/div>\n\t\t\t\t<\/div>\n\t\t\t\t\t<\/div>\n\t\t<\/div>\n\t\t\t\t\t<\/div>\n\t\t<\/section>\n\t\t\t\t<section class=\"elementor-section elementor-top-section elementor-element elementor-element-fa9b56b elementor-section-boxed elementor-section-height-default elementor-section-height-default\" data-id=\"fa9b56b\" data-element_type=\"section\" data-e-type=\"section\">\n\t\t\t\t\t\t<div class=\"elementor-container elementor-column-gap-default\">\n\t\t\t\t\t<div class=\"elementor-column elementor-col-100 elementor-top-column elementor-element elementor-element-120abab\" data-id=\"120abab\" data-element_type=\"column\" data-e-type=\"column\">\n\t\t\t<div class=\"elementor-widget-wrap elementor-element-populated\">\n\t\t\t\t\t\t<div class=\"elementor-element elementor-element-7af3cb9 elementor-widget elementor-widget-text-editor\" data-id=\"7af3cb9\" data-element_type=\"widget\" data-e-type=\"widget\" data-widget_type=\"text-editor.default\">\n\t\t\t\t<div class=\"elementor-widget-container\">\n\t\t\t\t\t\t\t\t\t<p><span style=\"font-family: times new roman, times, serif; font-size: large;\">J\u2019avais envie d\u2019\u00e9crire, je\u00a0commen\u00e7ais et recommen\u00e7ais depuis des ann\u00e9es. Agathe m\u2019a \u00ab\u00a0d\u00e9bloqu\u00e9\u00a0\u00bb, elle m\u2019a aussi montr\u00e9 ma voie.\u00a0<\/span><br \/><strong style=\"color: var( --e-global-color-text ); font-family: var( --e-global-typography-text-font-family );\"><span style=\"font-family: 'times new roman', times, serif; font-size: 14pt;\">Eric F, Paris<\/span><\/strong><\/p>\t\t\t\t\t\t\t\t<\/div>\n\t\t\t\t<\/div>\n\t\t\t\t\t<\/div>\n\t\t<\/div>\n\t\t\t\t\t<\/div>\n\t\t<\/section>\n\t\t\t\t<section class=\"elementor-section elementor-top-section elementor-element elementor-element-d1b56f2 elementor-section-boxed elementor-section-height-default elementor-section-height-default\" data-id=\"d1b56f2\" data-element_type=\"section\" data-e-type=\"section\">\n\t\t\t\t\t\t<div class=\"elementor-container elementor-column-gap-default\">\n\t\t\t\t\t<div class=\"elementor-column elementor-col-100 elementor-top-column elementor-element elementor-element-1551ddb\" data-id=\"1551ddb\" data-element_type=\"column\" data-e-type=\"column\">\n\t\t\t<div class=\"elementor-widget-wrap elementor-element-populated\">\n\t\t\t\t\t\t<div class=\"elementor-element elementor-element-bdb55ef elementor-widget elementor-widget-heading\" data-id=\"bdb55ef\" data-element_type=\"widget\" data-e-type=\"widget\" data-widget_type=\"heading.default\">\n\t\t\t\t<div class=\"elementor-widget-container\">\n\t\t\t\t\t<h2 class=\"elementor-heading-title elementor-size-small\">30 mai 2020<\/h2>\t\t\t\t<\/div>\n\t\t\t\t<\/div>\n\t\t\t\t\t<\/div>\n\t\t<\/div>\n\t\t\t\t\t<\/div>\n\t\t<\/section>\n\t\t\t\t<section class=\"elementor-section elementor-top-section elementor-element elementor-element-bf6c03b elementor-section-boxed elementor-section-height-default elementor-section-height-default\" data-id=\"bf6c03b\" data-element_type=\"section\" data-e-type=\"section\">\n\t\t\t\t\t\t<div class=\"elementor-container elementor-column-gap-default\">\n\t\t\t\t\t<div class=\"elementor-column elementor-col-100 elementor-top-column elementor-element elementor-element-7932db1\" data-id=\"7932db1\" data-element_type=\"column\" data-e-type=\"column\">\n\t\t\t<div class=\"elementor-widget-wrap elementor-element-populated\">\n\t\t\t\t\t\t<div class=\"elementor-element elementor-element-d9af01f elementor-widget elementor-widget-text-editor\" data-id=\"d9af01f\" data-element_type=\"widget\" data-e-type=\"widget\" data-widget_type=\"text-editor.default\">\n\t\t\t\t<div class=\"elementor-widget-container\">\n\t\t\t\t\t\t\t\t\t<p><span style=\"font-family: 'times new roman', times, serif; font-size: 14pt;\">Un beau fouillis de mots, de maux pleins la t\u00eate&#8230; gr\u00e2ce aux ateliers d\u2019Agathe, j\u2019ai r\u00e9ussi \u00e0 retranscrire sur papier tout\u00a0ce que j\u2019emmagasinais depuis tant d\u2019ann\u00e9es.\u00a0<\/span><br \/><span style=\"font-family: 'times new roman', times, serif; font-size: 14pt;\">L\u2019\u00e9criture m\u2019a permis de me lib\u00e9rer.<\/span><br \/><strong><span style=\"font-family: 'times new roman', times, serif; font-size: 14pt;\">Constance D, Paris<\/span><\/strong><\/p>\t\t\t\t\t\t\t\t<\/div>\n\t\t\t\t<\/div>\n\t\t\t\t\t<\/div>\n\t\t<\/div>\n\t\t\t\t\t<\/div>\n\t\t<\/section>\n\t\t\t\t<section class=\"elementor-section elementor-top-section elementor-element elementor-element-e631e49 elementor-section-boxed elementor-section-height-default elementor-section-height-default\" data-id=\"e631e49\" data-element_type=\"section\" data-e-type=\"section\">\n\t\t\t\t\t\t<div class=\"elementor-container elementor-column-gap-default\">\n\t\t\t\t\t<div class=\"elementor-column elementor-col-100 elementor-top-column elementor-element elementor-element-c311e90\" data-id=\"c311e90\" data-element_type=\"column\" data-e-type=\"column\">\n\t\t\t<div class=\"elementor-widget-wrap elementor-element-populated\">\n\t\t\t\t\t\t<div class=\"elementor-element elementor-element-e1d0aae elementor-widget elementor-widget-heading\" data-id=\"e1d0aae\" data-element_type=\"widget\" data-e-type=\"widget\" data-widget_type=\"heading.default\">\n\t\t\t\t<div class=\"elementor-widget-container\">\n\t\t\t\t\t<h2 class=\"elementor-heading-title elementor-size-small\">03 avril 2020\n<\/h2>\t\t\t\t<\/div>\n\t\t\t\t<\/div>\n\t\t\t\t<div class=\"elementor-element elementor-element-272b0b7 elementor-widget elementor-widget-text-editor\" data-id=\"272b0b7\" data-element_type=\"widget\" data-e-type=\"widget\" data-widget_type=\"text-editor.default\">\n\t\t\t\t<div class=\"elementor-widget-container\">\n\t\t\t\t\t\t\t\t\t<p><span style=\"font-family: times new roman, times, serif; font-size: 14pt;\">\u00ab\u00a0La litt\u00e9rature, au fur et \u00e0 mesure des ann\u00e9es, est devenue une part importante, essentielle \u00e0 mon \u00e9quilibre.<\/span><br \/><span style=\"font-family: times new roman, times, serif; font-size: 14pt;\">Griffonnant de ci de l\u00e0, lambeaux de \u00ab po\u00e8mes \u00bb, d\u2019inspirations fulgurantes et erratiques sans jamais oser d\u00e9passer l\u2019intimit\u00e9 du silence, sans jamais accepter le regard de l\u2019autre.<\/span><br \/><span style=\"font-family: times new roman, times, serif; font-size: 14pt;\">Et puis la rencontre d\u2019Agathe. La simplicit\u00e9 et l\u2019humilit\u00e9 comme un doux pr\u00e9sage de la suite.<\/span><br \/><span style=\"font-family: times new roman, times, serif; font-size: 14pt;\">De mon exp\u00e9rience de ces premiers ateliers\u00a0: la bienveillance et la p\u00e9dagogie.<\/span><br \/><span style=\"font-family: times new roman, times, serif; font-size: 14pt;\">La libert\u00e9 de parler de ses choix, de ses inspirations, sans jugement aucun.<\/span><br \/><span style=\"font-family: times new roman, times, serif; font-size: 14pt;\">L\u2019exploration des possibles pour traverser les impasses, la prise de hauteur dans mes lectures et mes intuitions.<\/span><br \/><span style=\"font-family: times new roman, times, serif; font-size: 14pt;\">En l\u2019espace de deux ateliers, Agathe m\u2019as permis de mettre en lumi\u00e8re tellement de zones d\u2019obscurit\u00e9\u00a0et de d\u00e9velopper encore plus ma passion de la litt\u00e9rature\u2026\u00a0\u00bb<\/span><br \/><span style=\"font-family: times new roman, times, serif; font-size: 14pt;\"><strong>Boris J-L, Colombes<br \/><\/strong><\/span><\/p>\t\t\t\t\t\t\t\t<\/div>\n\t\t\t\t<\/div>\n\t\t\t\t\t<\/div>\n\t\t<\/div>\n\t\t\t\t\t<\/div>\n\t\t<\/section>\n\t\t\t\t<section class=\"elementor-section elementor-top-section elementor-element elementor-element-9c45d24 elementor-section-boxed elementor-section-height-default elementor-section-height-default\" data-id=\"9c45d24\" data-element_type=\"section\" data-e-type=\"section\">\n\t\t\t\t\t\t<div class=\"elementor-container elementor-column-gap-default\">\n\t\t\t\t\t<div class=\"elementor-column elementor-col-100 elementor-top-column elementor-element elementor-element-4c54bbd\" data-id=\"4c54bbd\" data-element_type=\"column\" data-e-type=\"column\">\n\t\t\t<div class=\"elementor-widget-wrap\">\n\t\t\t\t\t\t\t<\/div>\n\t\t<\/div>\n\t\t\t\t\t<\/div>\n\t\t<\/section>\n\t\t\t\t<\/div>\n\t\t","protected":false},"excerpt":{"rendered":"<p>T\u00e9moignages 18 septembre 2020 J\u2019avais envie d\u2019\u00e9crire, je\u00a0commen\u00e7ais et recommen\u00e7ais depuis des ann\u00e9es. Agathe m\u2019a \u00ab\u00a0d\u00e9bloqu\u00e9\u00a0\u00bb, elle m\u2019a aussi montr\u00e9 ma voie.\u00a0Eric F, Paris 30 mai 2020 Un beau fouillis de mots, de maux pleins la t\u00eate&#8230; gr\u00e2ce aux ateliers d\u2019Agathe, j\u2019ai r\u00e9ussi \u00e0 retranscrire sur papier tout\u00a0ce que j\u2019emmagasinais depuis tant d\u2019ann\u00e9es.\u00a0L\u2019\u00e9criture m\u2019a permis [&hellip;]<\/p>\n","protected":false},"author":1,"featured_media":0,"parent":0,"menu_order":0,"comment_status":"closed","ping_status":"closed","template":"","meta":{"footnotes":""},"class_list":["post-896","page","type-page","status-publish","hentry"],"_links":{"self":[{"href":"https:\/\/desmotspourtoutdire.com\/index.php\/wp-json\/wp\/v2\/pages\/896","targetHints":{"allow":["GET"]}}],"collection":[{"href":"https:\/\/desmotspourtoutdire.com\/index.php\/wp-json\/wp\/v2\/pages"}],"about":[{"href":"https:\/\/desmotspourtoutdire.com\/index.php\/wp-json\/wp\/v2\/types\/page"}],"author":[{"embeddable":true,"href":"https:\/\/desmotspourtoutdire.com\/index.php\/wp-json\/wp\/v2\/users\/1"}],"replies":[{"embeddable":true,"href":"https:\/\/desmotspourtoutdire.com\/index.php\/wp-json\/wp\/v2\/comments?post=896"}],"version-history":[{"count":17,"href":"https:\/\/desmotspourtoutdire.com\/index.php\/wp-json\/wp\/v2\/pages\/896\/revisions"}],"predecessor-version":[{"id":1044,"href":"https:\/\/desmotspourtoutdire.com\/index.php\/wp-json\/wp\/v2\/pages\/896\/revisions\/1044"}],"wp:attachment":[{"href":"https:\/\/desmotspourtoutdire.com\/index.php\/wp-json\/wp\/v2\/media?parent=896"}],"curies":[{"name":"wp","href":"https:\/\/api.w.org\/{rel}","templated":true}]}}