{"id":42,"date":"2020-03-06T17:45:19","date_gmt":"2020-03-06T16:45:19","guid":{"rendered":"http:\/\/svwqpgz.cluster026.hosting.ovh.net\/?page_id=42"},"modified":"2021-10-19T17:53:44","modified_gmt":"2021-10-19T15:53:44","slug":"les-objectifs","status":"publish","type":"page","link":"https:\/\/desmotspourtoutdire.com\/index.php\/les-objectifs\/","title":{"rendered":"Les objectifs"},"content":{"rendered":"\t\t<div data-elementor-type=\"wp-page\" data-elementor-id=\"42\" class=\"elementor elementor-42\">\n\t\t\t\t\t\t<section class=\"elementor-section elementor-top-section elementor-element elementor-element-d419117 elementor-section-boxed elementor-section-height-default elementor-section-height-default\" data-id=\"d419117\" data-element_type=\"section\" data-e-type=\"section\">\n\t\t\t\t\t\t<div class=\"elementor-container elementor-column-gap-default\">\n\t\t\t\t\t<div class=\"elementor-column elementor-col-100 elementor-top-column elementor-element elementor-element-d2f1f25\" data-id=\"d2f1f25\" data-element_type=\"column\" data-e-type=\"column\">\n\t\t\t<div class=\"elementor-widget-wrap elementor-element-populated\">\n\t\t\t\t\t\t<div class=\"elementor-element elementor-element-defcae6 elementor-widget elementor-widget-image\" data-id=\"defcae6\" data-element_type=\"widget\" data-e-type=\"widget\" data-widget_type=\"image.default\">\n\t\t\t\t<div class=\"elementor-widget-container\">\n\t\t\t\t\t\t\t\t\t\t\t\t\t\t\t<img decoding=\"async\" src=\"https:\/\/desmotspourtoutdire.com\/wp-content\/uploads\/2020\/03\/Crayon-de-papier.jpg\" title=\"\u00e9crire-en-atelier\" alt=\"\u00e9crire-en-atelier\" loading=\"lazy\" \/>\t\t\t\t\t\t\t\t\t\t\t\t\t\t\t<\/div>\n\t\t\t\t<\/div>\n\t\t\t\t\t<\/div>\n\t\t<\/div>\n\t\t\t\t\t<\/div>\n\t\t<\/section>\n\t\t\t\t<section class=\"elementor-section elementor-top-section elementor-element elementor-element-d9b9335 elementor-section-full_width elementor-section-height-default elementor-section-height-default\" data-id=\"d9b9335\" data-element_type=\"section\" data-e-type=\"section\">\n\t\t\t\t\t\t<div class=\"elementor-container elementor-column-gap-default\">\n\t\t\t\t\t<div class=\"elementor-column elementor-col-100 elementor-top-column elementor-element elementor-element-45579cf\" data-id=\"45579cf\" data-element_type=\"column\" data-e-type=\"column\">\n\t\t\t<div class=\"elementor-widget-wrap elementor-element-populated\">\n\t\t\t\t\t\t<div class=\"elementor-element elementor-element-b74cfbd elementor-widget-divider--view-line_text elementor-widget-divider--element-align-center elementor-widget elementor-widget-divider\" data-id=\"b74cfbd\" data-element_type=\"widget\" data-e-type=\"widget\" data-widget_type=\"divider.default\">\n\t\t\t\t<div class=\"elementor-widget-container\">\n\t\t\t\t\t\t\t<div class=\"elementor-divider\">\n\t\t\t<span class=\"elementor-divider-separator\">\n\t\t\t\t\t\t\t<span class=\"elementor-divider__text elementor-divider__element\">\n\t\t\t\tLes objectifs\t\t\t\t<\/span>\n\t\t\t\t\t\t<\/span>\n\t\t<\/div>\n\t\t\t\t\t\t<\/div>\n\t\t\t\t<\/div>\n\t\t\t\t\t<\/div>\n\t\t<\/div>\n\t\t\t\t\t<\/div>\n\t\t<\/section>\n\t\t\t\t<section class=\"elementor-section elementor-top-section elementor-element elementor-element-bcb11e9 elementor-section-boxed elementor-section-height-default elementor-section-height-default\" data-id=\"bcb11e9\" data-element_type=\"section\" data-e-type=\"section\">\n\t\t\t\t\t\t<div class=\"elementor-container elementor-column-gap-default\">\n\t\t\t\t\t<div class=\"elementor-column elementor-col-100 elementor-top-column elementor-element elementor-element-c5e6a66\" data-id=\"c5e6a66\" data-element_type=\"column\" data-e-type=\"column\">\n\t\t\t<div class=\"elementor-widget-wrap elementor-element-populated\">\n\t\t\t\t\t\t<div class=\"elementor-element elementor-element-cb78dfe elementor-widget elementor-widget-text-editor\" data-id=\"cb78dfe\" data-element_type=\"widget\" data-e-type=\"widget\" data-widget_type=\"text-editor.default\">\n\t\t\t\t<div class=\"elementor-widget-container\">\n\t\t\t\t\t\t\t\t\t<p style=\"text-align: justify;\"><span style=\"font-size: 16pt; font-family: times new roman, times, serif; color: #293133;\">Au commencement, il y a une page blanche, souvent synonyme d\u2019angoisse\u2026 <\/span><br \/><span style=\"font-family: times new roman, times, serif; font-size: 16pt; color: #293133;\">Il existe des outils simples pour la d\u00e9passer. Ensuite, il ne reste qu\u2019\u00e0 trouver les id\u00e9es qui permettent de r\u00e9diger des textes aboutis. Au cours des exercices, nous t\u00e2tonnons, croisons les images et les mots, jouons avec leur sonorit\u00e9 et leur musique.<\/span><br \/><span style=\"font-size: 16pt; font-family: times new roman, times, serif; color: #293133;\">Chaque \u00e9tape du processus permet de progresser, en n\u2019oubliant pas l\u2019essentiel : faire de l\u2019\u00e9criture un plaisir.<\/span><\/p><p><span style=\"font-family: times new roman, times, serif; font-size: 16pt; color: #293133;\">En chemin, vous apprendrez \u00e0&#8230;<\/span><\/p>\t\t\t\t\t\t\t\t<\/div>\n\t\t\t\t<\/div>\n\t\t\t\t\t<\/div>\n\t\t<\/div>\n\t\t\t\t\t<\/div>\n\t\t<\/section>\n\t\t\t\t<section class=\"elementor-section elementor-top-section elementor-element elementor-element-6e8b941 elementor-section-boxed elementor-section-height-default elementor-section-height-default\" data-id=\"6e8b941\" data-element_type=\"section\" data-e-type=\"section\">\n\t\t\t\t\t\t<div class=\"elementor-container elementor-column-gap-default\">\n\t\t\t\t\t<div class=\"elementor-column elementor-col-100 elementor-top-column elementor-element elementor-element-8bb213b\" data-id=\"8bb213b\" data-element_type=\"column\" data-e-type=\"column\">\n\t\t\t<div class=\"elementor-widget-wrap elementor-element-populated\">\n\t\t\t\t\t\t<div class=\"elementor-element elementor-element-bd28371 elementor-icon-list--layout-traditional elementor-list-item-link-full_width elementor-widget elementor-widget-icon-list\" data-id=\"bd28371\" data-element_type=\"widget\" data-e-type=\"widget\" data-widget_type=\"icon-list.default\">\n\t\t\t\t<div class=\"elementor-widget-container\">\n\t\t\t\t\t\t\t<ul class=\"elementor-icon-list-items\">\n\t\t\t\t\t\t\t<li class=\"elementor-icon-list-item\">\n\t\t\t\t\t\t\t\t\t\t\t<span class=\"elementor-icon-list-icon\">\n\t\t\t\t\t\t\t<i aria-hidden=\"true\" class=\"fas fa-pen-fancy\"><\/i>\t\t\t\t\t\t<\/span>\n\t\t\t\t\t\t\t\t\t\t<span class=\"elementor-icon-list-text\">Gagner en confiance et vous ouvrir aux autres<\/span>\n\t\t\t\t\t\t\t\t\t<\/li>\n\t\t\t\t\t\t\t\t<li class=\"elementor-icon-list-item\">\n\t\t\t\t\t\t\t\t\t\t\t<span class=\"elementor-icon-list-icon\">\n\t\t\t\t\t\t\t<i aria-hidden=\"true\" class=\"fas fa-pen-fancy\"><\/i>\t\t\t\t\t\t<\/span>\n\t\t\t\t\t\t\t\t\t\t<span class=\"elementor-icon-list-text\">D\u00e9ployer votre imagination et vos aptitudes<\/span>\n\t\t\t\t\t\t\t\t\t<\/li>\n\t\t\t\t\t\t\t\t<li class=\"elementor-icon-list-item\">\n\t\t\t\t\t\t\t\t\t\t\t<span class=\"elementor-icon-list-icon\">\n\t\t\t\t\t\t\t<i aria-hidden=\"true\" class=\"fas fa-pen-fancy\"><\/i>\t\t\t\t\t\t<\/span>\n\t\t\t\t\t\t\t\t\t\t<span class=\"elementor-icon-list-text\">Identifier vos th\u00e8mes de pr\u00e9dilection et ce qui constitue votre univers<\/span>\n\t\t\t\t\t\t\t\t\t<\/li>\n\t\t\t\t\t\t\t\t<li class=\"elementor-icon-list-item\">\n\t\t\t\t\t\t\t\t\t\t\t<span class=\"elementor-icon-list-icon\">\n\t\t\t\t\t\t\t<i aria-hidden=\"true\" class=\"fas fa-pen-fancy\"><\/i>\t\t\t\t\t\t<\/span>\n\t\t\t\t\t\t\t\t\t\t<span class=\"elementor-icon-list-text\">Vous familiariser avec diff\u00e9rentes techniques d'\u00e9criture<\/span>\n\t\t\t\t\t\t\t\t\t<\/li>\n\t\t\t\t\t\t\t\t<li class=\"elementor-icon-list-item\">\n\t\t\t\t\t\t\t\t\t\t\t<span class=\"elementor-icon-list-icon\">\n\t\t\t\t\t\t\t<i aria-hidden=\"true\" class=\"fas fa-pen-fancy\"><\/i>\t\t\t\t\t\t<\/span>\n\t\t\t\t\t\t\t\t\t\t<span class=\"elementor-icon-list-text\">Lutter contre quelques id\u00e9es re\u00e7ues, comme \"je n'ai aucune imagination\"<\/span>\n\t\t\t\t\t\t\t\t\t<\/li>\n\t\t\t\t\t\t\t\t<li class=\"elementor-icon-list-item\">\n\t\t\t\t\t\t\t\t\t\t\t<span class=\"elementor-icon-list-icon\">\n\t\t\t\t\t\t\t<i aria-hidden=\"true\" class=\"fas fa-pen-fancy\"><\/i>\t\t\t\t\t\t<\/span>\n\t\t\t\t\t\t\t\t\t\t<span class=\"elementor-icon-list-text\">Explorer plusieurs pistes afin de trouver votre style, votre propre voie<\/span>\n\t\t\t\t\t\t\t\t\t<\/li>\n\t\t\t\t\t\t\t\t<li class=\"elementor-icon-list-item\">\n\t\t\t\t\t\t\t\t\t\t\t<span class=\"elementor-icon-list-icon\">\n\t\t\t\t\t\t\t<i aria-hidden=\"true\" class=\"fas fa-pen-fancy\"><\/i>\t\t\t\t\t\t<\/span>\n\t\t\t\t\t\t\t\t\t\t<span class=\"elementor-icon-list-text\">Devenir autonome<\/span>\n\t\t\t\t\t\t\t\t\t<\/li>\n\t\t\t\t\t\t\t\t<li class=\"elementor-icon-list-item\">\n\t\t\t\t\t\t\t\t\t\t\t<span class=\"elementor-icon-list-icon\">\n\t\t\t\t\t\t\t<i aria-hidden=\"true\" class=\"fas fa-pen-fancy\"><\/i>\t\t\t\t\t\t<\/span>\n\t\t\t\t\t\t\t\t\t\t<span class=\"elementor-icon-list-text\">Vaincre vos blocages \u00e9ventuels<\/span>\n\t\t\t\t\t\t\t\t\t<\/li>\n\t\t\t\t\t\t<\/ul>\n\t\t\t\t\t\t<\/div>\n\t\t\t\t<\/div>\n\t\t\t\t\t<\/div>\n\t\t<\/div>\n\t\t\t\t\t<\/div>\n\t\t<\/section>\n\t\t\t\t<section class=\"elementor-section elementor-top-section elementor-element elementor-element-bb80828 elementor-section-boxed elementor-section-height-default elementor-section-height-default\" data-id=\"bb80828\" data-element_type=\"section\" data-e-type=\"section\">\n\t\t\t\t\t\t<div class=\"elementor-container elementor-column-gap-default\">\n\t\t\t\t\t<div class=\"elementor-column elementor-col-100 elementor-top-column elementor-element elementor-element-9c912db\" data-id=\"9c912db\" data-element_type=\"column\" data-e-type=\"column\">\n\t\t\t<div class=\"elementor-widget-wrap elementor-element-populated\">\n\t\t\t\t\t\t<div class=\"elementor-element elementor-element-6cfed8f elementor-widget elementor-widget-spacer\" data-id=\"6cfed8f\" data-element_type=\"widget\" data-e-type=\"widget\" data-widget_type=\"spacer.default\">\n\t\t\t\t<div class=\"elementor-widget-container\">\n\t\t\t\t\t\t\t<div class=\"elementor-spacer\">\n\t\t\t<div class=\"elementor-spacer-inner\"><\/div>\n\t\t<\/div>\n\t\t\t\t\t\t<\/div>\n\t\t\t\t<\/div>\n\t\t\t\t<div class=\"elementor-element elementor-element-9f089ff elementor-widget elementor-widget-heading\" data-id=\"9f089ff\" data-element_type=\"widget\" data-e-type=\"widget\" data-widget_type=\"heading.default\">\n\t\t\t\t<div class=\"elementor-widget-container\">\n\t\t\t\t\t<h2 class=\"elementor-heading-title elementor-size-medium\">\" La seule \u00e9criture valable, c'est celle qu'on invente... C'est \u00e7a qui rend les choses r\u00e9elles. \"<\/h2>\t\t\t\t<\/div>\n\t\t\t\t<\/div>\n\t\t\t\t<div class=\"elementor-element elementor-element-89b5599 elementor-widget elementor-widget-heading\" data-id=\"89b5599\" data-element_type=\"widget\" data-e-type=\"widget\" data-widget_type=\"heading.default\">\n\t\t\t\t<div class=\"elementor-widget-container\">\n\t\t\t\t\t<h2 class=\"elementor-heading-title elementor-size-medium\">Ernest Hemingway<\/h2>\t\t\t\t<\/div>\n\t\t\t\t<\/div>\n\t\t\t\t\t<\/div>\n\t\t<\/div>\n\t\t\t\t\t<\/div>\n\t\t<\/section>\n\t\t\t\t<section class=\"elementor-section elementor-top-section elementor-element elementor-element-18501ed elementor-section-boxed elementor-section-height-default elementor-section-height-default\" data-id=\"18501ed\" data-element_type=\"section\" data-e-type=\"section\">\n\t\t\t\t\t\t<div class=\"elementor-container elementor-column-gap-default\">\n\t\t\t\t\t<div class=\"elementor-column elementor-col-100 elementor-top-column elementor-element elementor-element-dc6e694\" data-id=\"dc6e694\" data-element_type=\"column\" data-e-type=\"column\">\n\t\t\t<div class=\"elementor-widget-wrap elementor-element-populated\">\n\t\t\t\t\t\t<div class=\"elementor-element elementor-element-f1608bd elementor-widget-divider--view-line_text elementor-widget-divider--element-align-center elementor-widget elementor-widget-divider\" data-id=\"f1608bd\" data-element_type=\"widget\" data-e-type=\"widget\" data-widget_type=\"divider.default\">\n\t\t\t\t<div class=\"elementor-widget-container\">\n\t\t\t\t\t\t\t<div class=\"elementor-divider\">\n\t\t\t<span class=\"elementor-divider-separator\">\n\t\t\t\t\t\t\t<span class=\"elementor-divider__text elementor-divider__element\">\n\t\t\t\tLes bienfaits\t\t\t\t<\/span>\n\t\t\t\t\t\t<\/span>\n\t\t<\/div>\n\t\t\t\t\t\t<\/div>\n\t\t\t\t<\/div>\n\t\t\t\t\t<\/div>\n\t\t<\/div>\n\t\t\t\t\t<\/div>\n\t\t<\/section>\n\t\t\t\t<section class=\"elementor-section elementor-top-section elementor-element elementor-element-e55b213 elementor-section-boxed elementor-section-height-default elementor-section-height-default\" data-id=\"e55b213\" data-element_type=\"section\" data-e-type=\"section\">\n\t\t\t\t\t\t<div class=\"elementor-container elementor-column-gap-default\">\n\t\t\t\t\t<div class=\"elementor-column elementor-col-100 elementor-top-column elementor-element elementor-element-d5de1c2\" data-id=\"d5de1c2\" data-element_type=\"column\" data-e-type=\"column\">\n\t\t\t<div class=\"elementor-widget-wrap elementor-element-populated\">\n\t\t\t\t\t\t<div class=\"elementor-element elementor-element-f354f79 elementor-widget elementor-widget-text-editor\" data-id=\"f354f79\" data-element_type=\"widget\" data-e-type=\"widget\" data-widget_type=\"text-editor.default\">\n\t\t\t\t<div class=\"elementor-widget-container\">\n\t\t\t\t\t\t\t\t\t<p style=\"text-align: justify;\"><span style=\"font-size: 16pt; color: #293133; font-family: times new roman, times, serif;\">On le dit souvent, l\u2019\u00e9criture lib\u00e8re. Mais de quoi ?<\/span><br \/><span style=\"font-size: 16pt; color: #293133; font-family: times new roman, times, serif;\">De nos peurs, nos doutes, des souvenirs qui nous encombrent\u2026 et des ann\u00e9es lyc\u00e9e, notamment du bac de fran\u00e7ais dont le programme impos\u00e9 en a \u00e9loign\u00e9 certains du plaisir de lire et d\u2019\u00e9crire.<\/span><\/p><p style=\"text-align: justify;\"><span style=\"font-size: 16pt; color: #293133; font-family: times new roman, times, serif;\">Pour moi, un atelier d\u2019\u00e9criture est un cocon o\u00f9 l\u2019on peut tenter des choses en toute libert\u00e9, \u00e0 seule fin de d\u00e9couvrir o\u00f9 notre plume nous m\u00e8nera gr\u00e2ce \u00e0 une approche d\u00e9sinhibante.<\/span><br \/><span style=\"font-size: 16pt; color: #293133; font-family: times new roman, times, serif;\">Il suffit d\u2019\u00e9crire un mot, une phrase, de s\u2019engager sans complexe sur le chemin qui s\u2019offre \u00e0 nous\u2026 Et au bout de l\u2019aventure, on \u00e9prouve la fiert\u00e9 d\u2019avoir r\u00e9dig\u00e9 un texte abouti.<\/span><br \/><span style=\"font-size: 16pt; color: #293133; font-family: times new roman, times, serif;\">Bien s\u00fbr, l\u2019\u00e9criture est un travail solitaire.<\/span><br \/><span style=\"font-size: 16pt; color: #293133; font-family: times new roman, times, serif;\">Mais\u00a0cela n\u2019emp\u00eache pas de s\u2019exercer avec d\u2019autres. Les ateliers sont un plus, une occasion de d\u00e9couvrir de nouveaux genres et auteurs, qui ont tous quelque chose \u00e0 nous apprendre.<\/span><br \/><span style=\"font-size: 16pt; color: #293133; font-family: times new roman, times, serif;\">Les ateliers sont aussi le cadre id\u00e9al pour exposer ses \u00e9crits au regard des autres. Une \u00e9tape parfois difficile, que l\u2019on surmonte ais\u00e9ment dans un contexte bienveillant.<\/span><br \/><span style=\"font-size: 16pt; color: #293133; font-family: times new roman, times, serif;\">Ils offrent la possibilit\u00e9 de rencontrer d\u2019autres personnes et de b\u00e9n\u00e9ficier d\u2019avis constructifs permettant ensuite d\u2019amener ses textes au plus pr\u00e8s de ce que l\u2019on cherche \u00e0 dire.<\/span><\/p><p style=\"text-align: justify;\"><span style=\"font-size: 16pt; color: #293133; font-family: times new roman, times, serif;\">Enfin, on assimile souvent l\u2019\u00e9criture \u00e0 une th\u00e9rapie. Ce n\u2019est pas l\u2019ambition de cet atelier, mais le simple fait de coucher ses pens\u00e9es sur le papier permet de mieux se conna\u00eetre, gagner en confiance et d\u00e9passer certains blocages.<\/span><\/p>\t\t\t\t\t\t\t\t<\/div>\n\t\t\t\t<\/div>\n\t\t\t\t\t<\/div>\n\t\t<\/div>\n\t\t\t\t\t<\/div>\n\t\t<\/section>\n\t\t\t\t<section class=\"elementor-section elementor-top-section elementor-element elementor-element-38811a6 elementor-section-boxed elementor-section-height-default elementor-section-height-default\" data-id=\"38811a6\" data-element_type=\"section\" data-e-type=\"section\">\n\t\t\t\t\t\t<div class=\"elementor-container elementor-column-gap-default\">\n\t\t\t\t\t<div class=\"elementor-column elementor-col-100 elementor-top-column elementor-element elementor-element-0e06a21\" data-id=\"0e06a21\" data-element_type=\"column\" data-e-type=\"column\">\n\t\t\t<div class=\"elementor-widget-wrap\">\n\t\t\t\t\t\t\t<\/div>\n\t\t<\/div>\n\t\t\t\t\t<\/div>\n\t\t<\/section>\n\t\t\t\t<\/div>\n\t\t","protected":false},"excerpt":{"rendered":"<p>Les objectifs Au commencement, il y a une page blanche, souvent synonyme d\u2019angoisse\u2026 Il existe des outils simples pour la d\u00e9passer. Ensuite, il ne reste qu\u2019\u00e0 trouver les id\u00e9es qui permettent de r\u00e9diger des textes aboutis. Au cours des exercices, nous t\u00e2tonnons, croisons les images et les mots, jouons avec leur sonorit\u00e9 et leur musique.Chaque [&hellip;]<\/p>\n","protected":false},"author":1,"featured_media":0,"parent":0,"menu_order":0,"comment_status":"closed","ping_status":"closed","template":"","meta":{"footnotes":""},"class_list":["post-42","page","type-page","status-publish","hentry"],"_links":{"self":[{"href":"https:\/\/desmotspourtoutdire.com\/index.php\/wp-json\/wp\/v2\/pages\/42","targetHints":{"allow":["GET"]}}],"collection":[{"href":"https:\/\/desmotspourtoutdire.com\/index.php\/wp-json\/wp\/v2\/pages"}],"about":[{"href":"https:\/\/desmotspourtoutdire.com\/index.php\/wp-json\/wp\/v2\/types\/page"}],"author":[{"embeddable":true,"href":"https:\/\/desmotspourtoutdire.com\/index.php\/wp-json\/wp\/v2\/users\/1"}],"replies":[{"embeddable":true,"href":"https:\/\/desmotspourtoutdire.com\/index.php\/wp-json\/wp\/v2\/comments?post=42"}],"version-history":[{"count":64,"href":"https:\/\/desmotspourtoutdire.com\/index.php\/wp-json\/wp\/v2\/pages\/42\/revisions"}],"predecessor-version":[{"id":1144,"href":"https:\/\/desmotspourtoutdire.com\/index.php\/wp-json\/wp\/v2\/pages\/42\/revisions\/1144"}],"wp:attachment":[{"href":"https:\/\/desmotspourtoutdire.com\/index.php\/wp-json\/wp\/v2\/media?parent=42"}],"curies":[{"name":"wp","href":"https:\/\/api.w.org\/{rel}","templated":true}]}}